3*k**3 + 9*k**2 + 1024*k + 73. What is g(-17)?
5
Let x(h) = 2*h**3 - 22*h**2 - 804*h + 9868. Give x(12).
508
Let n(p) = -84004*p + 8232387. Calculate n(98).
-5
Let i(z) = -9434*z - 764179. What is i(-81)?
-25
Let b(c) = -1310*c + 84980. Calculate b(65).
-170
Let c(m) = -11158*m + 178531. Determine c(16).
3
Let s(x) = -x**2 + 51*x + 26039. Determine s(-136).
607
Let s(z) = 10411*z - 30990. Give s(3).
243
Let w(i) = i**3 - 5*i**2 - 17*i + 96. Determine w(9).
267
Let a(l) = 2*l**3 - 4*l**2 + 30*l - 6. Calculate a(3).
102
Let v(r) = 52*r + 15723. What is v(-302)?
19
Let u(v) = v**3 - 1004*v**2 + 3982*v + 70. Calculate u(4).
-2
Let x(d) = 377332*d + 13206636. Give x(-35).
16
Let h(j) = 333304*j + 10665739. What is h(-32)?
11
Let u(t) = -42*t**2 - 582*t + 14. Determine u(-12).
950
Let d(i) = -3*i**3 - 704*i**2 - 2544*i - 775. What is d(-231)?
-82
Let x(d) = d**3 + 95*d**2 - 188*d - 365. Determine x(-97).
-947
Let q(z) = 1501*z - 510323. Give q(340).
17
Let q(j) = -860*j + 84319. Calculate q(98).
39
Let l(w) = -4*w**2 - 1072*w - 10283. Determine l(-258).
37
Let l(d) = -2*d**2 + 1164. Calculate l(24).
12
Let r(j) = -2*j**3 + 117*j**2 - 691*j + 492. Calculate r(52).
-288
Let w(h) = 28*h + 5198. Calculate w(11).
5506
Let o(m) = m**2 + 16421*m + 65673. Give o(-4).
5
Let x(y) = -21*y**2 + 94*y + 64. Determine x(10).
-1096
Let t(r) = -426*r**2 - 2055*r + 48. Give t(-5).
-327
Let v(y) = -y**2 - 268*y + 15868. Calculate v(-318).
-32
Let w(r) = r**3 - 3*r**2 + 213*r + 1683. Calculate w(-13).
-3790
Let r(p) = -4*p**2 + 143*p - 1079. What is r(12)?
61
Let b(n) = -n**3 + 18*n**2 - 324*n + 3725. Calculate b(14).
-27
Let b(x) = -x**2 + 95*x - 1036. Determine b(113).
-3070
Let h(t) = t**3 + 1211*t**2 - 14673*t + 13. What is h(12)?
49
Let q(b) = 4676*b**2 + 17*b - 8. Determine q(1).
4685
Let m(o) = 2*o**2 - 617*o + 10499. Calculate m(18).
41
Let h(k) = -4062*k - 4646933. Give h(-1144).
-5
Let c(m) = -337113*m + 2022673. Give c(6).
-5
Let k(j) = -1392*j + 12386. Calculate k(9).
-142
Let n(k) = -11*k**2 - 246*k - 55. What is n(-23)?
-216
Let x(c) = c**3 - 48*c**2 - 16*c + 131. What is x(0)?
131
Let o(n) = -4*n**2 - 1427*n + 142440. Calculate o(-438).
90
Let l(n) = -7201*n - 417080. Give l(-58).
578
Let c(j) = 2*j**3 + 76*j**2 - 2037*j - 2430. Calculate c(19).
21
Let b(x) = 330360*x + 10901859. Determine b(-33).
-21
Let c(u) = -6*u**2 - 154424*u + 2626923. What is c(17)?
-19
Let v(k) = -9867*k + 49421. Give v(5).
86
Let s(j) = -197*j - 1793. What is s(-12)?
571
Let p(m) = -5*m**2 - 1372*m - 6804. Give p(-5).
-69
Let z(k) = -3*k**2 - 322*k + 1615. Calculate z(-112).
47
Let f(v) = v**2 + 247*v + 3924. Give f(-19).
-408
Let a(w) = 2028*w**2 + 24334*w - 36. What is a(-12)?
-12
Let w(y) = -3359*y + 37630. What is w(11)?
681
Let w(r) = 40*r**2 + 1377*r + 2263. Give w(-32).
-841
Let h(c) = 46*c**2 - 12*c - 64. Calculate h(-5).
1146
Let f(z) = 2*z**3 + 29*z**2 + 2870*z + 27799. Calculate f(-10).
-1
Let u(v) = v**3 - 3*v**2 + 73*v + 3313. Determine u(0).
3313
Let k(h) = h**2 + 784690*h - 2354082. Determine k(3).
-3
Let o(u) = -7*u**2 - 8461*u - 141824. Determine o(-17).
-10
Let i(s) = 236*s + 2782. Calculate i(-16).
-994
Let k(v) = 1859*v + 26189. Give k(-14).
163
Let o(t) = -3*t**2 - 833*t - 10862. Calculate o(-13).
-540
Let t(d) = -4190*d + 83843. Determine t(20).
43
Let d(g) = -5580*g - 84279. Calculate d(-15).
-579
Let h(l) = -1807*l - 70373. Calculate h(-39).
100
Let i(m) = m**3 - 30*m**2 + 778*m - 20230. Calculate i(28).
-14
Let d(k) = -3*k**3 - 60*k**2 + 95*k - 771. Give d(-22).
43
Let q(a) = a**3 - a**2 - 12430*a - 37237. Determine q(-3).
17
Let m(c) = 34*c**2 - 1012*c + 4697. Determine m(24).
-7
Let q(h) = -h**3 + 47*h**2 + 86*h - 166. Determine q(49).
-754
Let m(f) = 11063*f + 265976. What is m(-24)?
464
Let z(m) = m**2 + 6512*m - 26055. What is z(4)?
9
Let a(s) = 197*s**3 + 140*s**2 - s - 6. Calculate a(-2).
-1020
Let q(y) = -246479*y + 13556362. What is q(55)?
17
Let j(o) = -o**3 - 11*o**2 + 1000*o + 11151. What is j(-11)?
151
Let b(n) = 3*n**3 + 199*n**2 - 98*n - 266. What is b(-67)?
-2678
Let a(x) = -x**3 + 85*x**2 - 1795*x - 330. Give a(41).
39
Let x(t) = t**2 - 682*t - 28573. What is x(-40)?
307
Let m(x) = 13*x**2 + 15802*x + 203225. Give m(-13).
-4
Let x(d) = 237*d + 22869. Determine x(-86).
2487
Let j(b) = -2*b**3 + 85*b + 580. Calculate j(-6).
502
Let d(m) = 2*m**3 - 284*m**2 + 2885*m - 394. Give d(131).
-1
Let r(u) = 1242*u + 9006. Give r(-9).
-2172
Let j(p) = -150*p**2 + 3002*p + 95. Determine j(20).
135
Let v(y) = -2*y**3 + 285*y**2 + 143*y + 304. Determine v(143).
304
Let c(i) = i**3 + 29*i**2 + 55*i - 486. What is c(-26)?
112
Let o(r) = 7*r**3 + 8*r**2 + 12*r - 41. Give o(6).
1831
Let s(w) = 80*w + 2804. Calculate s(-36).
-76
Let v(u) = -25*u**2 - 1179*u - 9919. Give v(-11).
25
Let d(f) = -7618*f - 1234063. What is d(-162)?
53
Let w(j) = 99*j**2 + 381*j + 349. What is w(-2)?
-17
Let b(a) = -3971*a - 35807. Determine b(-9).
-68
Let f(q) = 2*q**3 + 115*q**2 + 1486*q - 35. Determine f(-19).
-472
Let x(p) = p**3 + 24*p**2 + 170*p - 76. Give x(-17).
-943
Let s(t) = 16*t**2 - 9391*t + 28169. Calculate s(3).
140
Let y(m) = 7235*m - 1888329. What is y(261)?
6
Let r(b) = -274022*b + 2192162. Determine r(8).
-14
Let c(j) = -280*j**2 - 25*j + 6. What is c(3)?
-2589
Let z(q) = -2960*q - 20657. Give z(-7).
63
Let x(k) = -k**2 + 14215*k - 56807. Give x(4).
37
Let g(l) = 11518*l + 2142337. Determine g(-186).
-11
Let p(r) = -259*r + 29137. What is p(95)?
4532
Let w(p) = p**2 - 141*p + 4759. What is w(118)?
2045
Let n(s) = -s**2 + 9640*s - 783759. What is n(82)?
-3
Let i(v) = 52*v**2 - 1245*v + 58. Give i(24).
130
Let y(s) = s**2 + 28*s - 7139. Determine y(71).
-110
Let l(f) = 11*f**2 - 5*f + 94. What is l(5)?
344
Let x(p) = -11416*p - 1404199. Give x(-123).
-31
Let r(w) = -17*w**2 + 33*w + 608. Calculate r(7).
6
Let w(k) = -10546*k + 337468. What is w(32)?
-4
Let q(d) = -2*d**3 - 7*d**2 + 26863*d - 107212. What is q(4)?
0
Let c(n) = 2*n**3 + 788*n**2 + 9924*n - 28. Determine c(-13).
-262
Let r(v) = -398*v - 41414. What is r(-104)?
-22
Let r(c) = 2*c**3 + 827*c**2 + 1244*c + 3281. Give r(-412).
-15
Let q(p) = -642*p**3 + 2*p**2 - 3*p + 1. What is q(1)?
-642
Let u(j) = 4*j**3 + 25*j**2 + 320*j + 1890. What is u(-6)?
6
Let n(t) = -t**2 + 743*t + 17191. What is n(-22)?
361
Let y(j) = 54*j**2 + 1050*j - 1053. Determine y(1).
51
Let p(s) = s**3 - 64*s**2 - 135*s - 141. Determine p(66).
-339
Let s(f) = 2*f**3 - 113*f**2 + 57*f + 31. Calculate s(56).
87
Let q(c) = -23583*c - 70985. What is q(-3)?
-236
Let m(d) = -6766*d - 189476. Give m(-28).
-28
Let z(n) = 85*n**2 + 50581*n + 3603. Calculate z(-595).
33
Let y(f) = f**2 + 74*f - 3773. What is y(-109)?
42
Let h(m) = 8*m**3 - 2*m**2 + 13*m - 4205. What is h(0)?
-4205
Let t(a) = -2*a**3 + 23*a**2 - 1744*a + 15285. Give t(9).
-6
Let w(x) = -5*x**3 + 151*x**2 - 396*x - 965. Determine w(27).
7
Let k(j) = -14737*j + 28834. What is k(2)?
-640
Let h(a) = a**3 - 9*a**2 - 17*a + 24. Determine h(-9).
-1281
Let p(f) = f**3 + 117*f**2 - 8148*f - 963469. Give p(-115).
1
Let m(g) = -3*g**2 + 390*g - 6108. What is m(18)?
-60
Let r(b) = b**3 - 17*b**2 + 121*b - 327. Give r(8).
65
Let r(y) = -7*y**2 + 2561*y - 9753. Determine r(362).
21
Let c(d) = -6*d**2 + 129*d - 1546. Determine c(15).
-961
Let z(v) = -v**3 + 78*v**2 + 258*v - 709. Determine z(81).
506
Let o(v) = -5*v**3 - 1259*v**2 + 288*v + 8969. What is o(-252)?
-103
Let r(j) = -27*j**3 - 19*j**2 + 60*j - 40. Give r(2).
-212
Let q(x) = -10486*x + 178222. Determine q(17).
-40
Let v(b) = -98142*b + 3238683. Calculate v(33).
-3
Let v(i) = -i**3 - 32*i**2 - 47*i - 9. What is v(-22)?
-3815
Let z(w) = -w**3 - 36*w**2 - 131*w + 186. Determine z(-30).
-1284
Let r(s) = s**3 - 153*s**2 + 119*s + 5011. Determine r(152).
-5
Let h(u) = 3*u**3 - 9*u**2 - 182*u + 191. Determine h(1).
3
Let v(k) = -78*k**2 + 21*k + 265. Calculate v(2).
-5
Let n(r) = -10*r**3 - 397*r**2 + 542*r + 16889. Determine n(-40).
9
Let l(r) = 2450*r - 10076. Give l(4).
-276
Let f(d) = -1367*d - 2652. Determine f(-2).
82
Let h(d) = 160*d - 20286. Calculate h(126).
-126
Let j(p) = 2773*p - 22154. What is j(8)?
30
Let t(q) = 36*q**2 + 230*q + 443. Calculate t(-6).
359
Let l(b) = 14*b**2 - 278*b + 1415. Give l(5).
375
Let x(v) = 20*